. Suppose 0 = -3*a - 5*h + h - w, 4*h = 4*a - 28. Suppose -12 = -4*s - a*v, -v = -7*s + 4*s - 1. What is the units digit of s?
1
Let a(g) = -g**2 - 19*g + 32. What is the hundreds digit of a(-11)?
1
Let q(f) = f**3 - 11*f**2 + 9*f + 6. Let r be q(9). Let n = -45 - r. What is the units digit of n?
0
Suppose 0 = 3*l - 2*l - 5. Suppose 0 = -h + 2*h - l. Suppose n - u + 1 = h, 2*u = n - 5. What is the units digit of n?
3
What is the tens digit of (15/(-10))/(3/(-390))?
9
Suppose 0*z + 1 = z. Let w(x) = z + x**3 + x - 8*x**2 + 0 - 3. What is the units digit of w(8)?
6
Suppose 18 = 4*j - 10. Let r be 2/8 + 19/4. Let a = j - r. What is the units digit of a?
2
Let y(l) = l**3 + 8*l**2 + l + 1. What is the tens digit of y(-6)?
6
Let d(t) = 3*t - 2. Let c be d(-2). Let f = 4 + c. What is the units digit of 12/5 + f/10?
2
Let s = -28 - -34. Let l(q) = 3*q**2 - 10*q + 3. What is the tens digit of l(s)?
5
What is the hundreds digit of ((-64)/12)/(3*3/(-486))?
2
Suppose 3*i = y - 0*y + 16, i = -y - 16. What is the units digit of 40/y*(-28)/10?
7
Let c(m) = -62*m - 57. What is the units digit of c(-6)?
5
Let p(k) = -2 + k**2 + k**2 - 7*k**2 + 7*k + 4*k**2. Let a be (-2)/((-4)/10) - -1. What is the units digit of p(a)?
4
Suppose 0 = 2*m - y + 63, 0*m + m = y - 30. Let s = -18 - m. What is the tens digit of s?
1
Let g = 25 + -54. Let b(x) = -x**2 - 6*x - 10. Let f be b(-7). Let j = f - g. What is the units digit of j?
2
What is the tens digit of 543/(-12)*-2*(-1 - -3)?
8
Let q = 0 + 16. What is the units digit of 204/q - 1/(-4)?
3
Suppose 4*v = -44 + 128. Suppose -2*s = 3*p - 30, 2*s + p = v + 13. What is the tens digit of s?
1
Suppose 3*r = -3*y + 6, -y - 2 + 0 = -3*r. What is the units digit of y?
1
Suppose -41 = 3*p + 5*h, -5*p = -5*h - 0*h + 55. Let r = p - -26. What is the tens digit of r?
1
What is the tens digit of 12/(-3)*(-92)/8?
4
What is the hundreds digit of 2226/18 - ((-4)/3 + 2)?
1
Suppose -76 = -3*y - 22. What is the units digit of y?
8
Suppose q + 5 + 0 = 0. Let p = 6 - q. What is the tens digit of p?
1
Suppose -2*d = -70 + 18. Let r = d - 6. What is the units digit of r?
0
Suppose -t = t + 10. Let f(g) = -g**3 - 4*g**2 + 7*g. Let k be f(t). Let p = k + 15. What is the units digit of p?
5
What is the units digit of 20/(-3 + 5) - 1?
9
Let n be 5/(7/(-2) + 3). Let q(g) be the first derivative of -g**2/2 + 4*g + 1. What is the tens digit of q(n)?
1
Let h be (1/(-2) - 2)*-2. Suppose -d = 4*a + 9, d + h*a + 21 = 3*d. Suppose -2*l + 3*l - d = 0. What is the units digit of l?
3
Suppose 3*q - 4*r = 95, -3*q = -0*r - r - 98. What is the tens digit of q?
3
What is the tens digit of (31/(-4))/((-8)/32)?
3
Let a = 25 - -20. What is the tens digit of a?
4
Let a(i) = -i**2 - 23*i - 42. What is the tens digit of a(-20)?
1
Suppose 5*m + 30 + 111 = 2*n, -3*m = -n + 84. What is the units digit of 6/m - 173/(-9)?
9
Let t(z) = z + 12. What is the units digit of t(-6)?
6
Let c = 66 - 18. What is the tens digit of c?
4
Let d(m) = -m**2 - 11*m - 4. Let a be d(-9). Suppose 6 = 4*h - a, -4*z + 63 = 3*h. What is the units digit of z?
2
Suppose 3*a - 393 - 228 = 0. What is the hundreds digit of a?
2
Let g(h) = -h**2 + 8*h - 7. Let o be g(6). Suppose -2 = -4*r + 5*y + 90, 0 = o*r - 3*y - 115. What is the tens digit of r?
2
Let c(o) = -4*o - o**3 - 4*o**2 + 1 - 1. Let l be c(-3). Suppose -1 = -2*r - l*p, r + p - 6 = 5*p. What is the units digit of r?
2
Let r be (-3)/1*2/(-3). Suppose -15 = -3*u, -r*f - 5*u = 3*f - 65. What is the units digit of 50/f - 2/8?
6
Let q = -79 - -129. What is the units digit of q?
0
Let r = -9 + 15. Suppose 0 = 2*k + r, -3*m + 45 + 48 = -4*k. What is the units digit of m?
7
Let v(d) = -1 + d**2 + d + 3*d - 3*d. Let z = 1 - -1. What is the units digit of v(z)?
5
Let n(m) = 3*m**2 + 36*m - 7. What is the units digit of n(6)?
7
Let p = 124 - -8. What is the units digit of p?
2
Suppose -o - 3*a - 4 = -3*o, 4*o - 5*a - 8 = 0. Suppose -2*m + 0*m - 127 = -5*f, -5*f - o*m = -123. What is the tens digit of f?
2
Suppose s - 24 = -2*u, 4*u = s - 1 - 5. Let h(v) = -v**2 + 20*v + 11. What is the units digit of h(s)?
7
What is the tens digit of 208/(-12)*78/(-8)?
6
Suppose 0*a = a + x - 82, -3*a + 226 = -2*x. What is the units digit of a?
8
Suppose -3*s + 6*s + 36 = 0. What is the tens digit of (-148)/s - (-3)/(-9)?
1
Let u = 61 + -96. Let y = u - -101. Suppose 0 = -5*i + o + y, -4*i - i = 3*o - 82. What is the tens digit of i?
1
Suppose -3*w + 6 + 6 = 0. Let q = w - 6. Let v(y) = y**3 + 3*y**2 + 2*y + 2. What is the units digit of v(q)?
2
Let t = -7 - -25. Let l = 9 - t. What is the units digit of 1/(-1*1/l)?
9
Suppose -5*y = 5, -2*y = -g - 7*y - 5. Let h = g + -4. Let i(a) = -a**2 - 4*a + 3. What is the units digit of i(h)?
3
Suppose -16 = -4*d + 3*w, 4*w - w = -5*d + 20. Suppose -c = g - d*g - 14, 4*c = -4*g + 40. What is the tens digit of c?
1
Suppose 2*v + i - 2 = -i, 0 = -5*v + 4*i + 23. What is the units digit of -3 + -3 + 38 + v?
5
Let d(f) = -f**2 + 9*f - 11. Let v be d(8). Let k = v - -6. What is the units digit of k?
3
Let u(w) = -w**3 - 3*w**2 + 8*w + 1. What is the tens digit of u(-7)?
4
Suppose -1 + 5 = -3*j + 2*p, 2 = p. Let x(h) = -h**3 + 30. What is the tens digit of x(j)?
3
Suppose 24 = 5*i + 4. What is the units digit of i?
4
Suppose u = 2*u - 5. What is the units digit of u/(45/(-6))*-33?
2
Suppose 2*b - 12 = 5*b. What is the tens digit of (-4)/5*(b - 31)?
2
What is the tens digit of (1629/(-5) + (-4)/20)/(-2)?
6
Let r(w) = 9*w - 6. What is the tens digit of r(3)?
2
What is the units digit of ((-2)/2)/((-16)/1168)?
3
Suppose 6*x + 8 = 8*x. What is the units digit of x?
4
What is the tens digit of ((-1)/1 + (-9)/(-6))*256?
2
Let q be (-17)/(0 + (-2)/(-2)). Let i = 24 + q. Suppose 5*r - 94 = -2*b, 5*r - 4*b - 91 = -i*b. What is the units digit of r?
0
Let b(a) = -a**2 - 4*a + 5. Let g be b(-4). Let o(z) = z - 12. Let f be o(15). Suppose -3*t - g*y + 6 = -4*t, -16 = -f*t - 2*y. What is the units digit of t?
4
Let z(d) = 15*d - 5. What is the units digit of z(5)?
0
Suppose -5*r + 3*r + 36 = 0. What is the tens digit of r?
1
Let z(q) = 2*q**2 + 3 + 6*q + 7 - q**2 - 5. Let b be z(-5). Suppose b = j + 4*j - 55. What is the tens digit of j?
1
Suppose 0 = 4*t + 4*d - 68, 30 = 5*t - 2*d - 48. Let v = t - -3. What is the units digit of v?
9
Let l(i) = -2 - 3 - i**2 - 1 - 1 - 8*i. What is the units digit of l(-6)?
5
Let x be 3/(-2)*2/(-3). Let w be 2 - (3 + -4) - 18. What is the units digit of ((-2)/3)/x*w?
0
Let c(y) = 9*y**2 - y. Let p be c(1). Suppose -3*o + 12 = 3*b, o - 5 = -2*b - 3. Let d = p - o. What is the units digit of d?
2
Let v = -7 - -60. What is the units digit of v?
3
Let z be (-125)/(-45) - 2/(-9). Suppose i + i - 23 = -z*j, -j + 6 = -i. Suppose 0 = s - 10 - j. What is the tens digit of s?
1
Let y = 14 + 4. Suppose -94 + y = -4*v. What is the units digit of v?
9
Suppose 0 = 3*l + 6 - 24. Suppose 3*s - l*s + 2*v + 7 = 0, 6 = -2*s + 4*v. What is the units digit of s?
5
Let x(z) = -3*z - 7 + 3*z + 3*z. What is the units digit of x(7)?
4
Let w be -1 + 0/3 + 3. Suppose 5*o - 28 = -w*b, -5*b + 28 = -3*b + 3*o. What is the units digit of b?
4
Let k(t) = 3*t**2 - 7*t + 7. Let f(g) = 3*g**2 - 7*g + 7. Let c(l) = 5*f(l) - 4*k(l). What is the tens digit of c(5)?
4
Suppose 0 = -w - 3 - 4. Let y = w - -5. What is the units digit of (y/4)/(4/(-16))?
2
Suppose 2*y - 8 = 12. Suppose -2 = 2*f - y. What is the units digit of f?
4
Let g(r) = 9*r**3 - r - 1. Let u be g(-1). Let b be (-22)/(-6) - 3/u. Suppose -h + 0 = -b. What is the units digit of h?
4
Let a(j) = 5*j**3 - 2*j**2 - 1. What is the units digit of a(2)?
1
Let k be (1 - 15) + 2/(-2). What is the units digit of (-1 + -1)*k/6?
5
Let z be ((-2)/(-4))/((-1)/(-4)). Suppose -z*u = 5*c + u - 161, -65 = -2*c - u. What is the units digit of c?
4
Let z = 3 - -2. Let m(g) = 2*g - 1. What is the units digit of m(z)?
9
Let t = 21 - 16. Suppose 42 + 33 = t*g. What is the units digit of g?
5
Let q(b) = 1 - 4*b - b - b**2 + 2. What is the units digit of q(-4)?
7
Suppose 0*b + 3*b - 474 = 0. What is the hundreds digit of b?
1
Let b(v) = v**2 - 3*v + 4. Let s be b(3). Suppose s*q - 57 = 19. What is the units digit of q?
9
Suppose 3*a - 2*v - 2 = 2, 4*a - 3*v - 5 = 0. Suppose -31 + 6 = -5*m. Suppose a*g = m